{"id":40,"date":"2025-12-20T09:54:13","date_gmt":"2025-12-20T09:54:13","guid":{"rendered":"https:\/\/189.edukovac.xyz\/?page_id=40"},"modified":"2025-12-23T09:26:28","modified_gmt":"2025-12-23T09:26:28","slug":"najbolji-burger-u-srbiji","status":"publish","type":"page","link":"https:\/\/189.edukovac.xyz\/","title":{"rendered":"Naslovna"},"content":{"rendered":"\n[et_pb_section fb_built=&#8221;1&#8243; _builder_version=&#8221;4.15.1&#8243; _module_preset=&#8221;default&#8221; global_colors_info=&#8221;{}&#8221;][et_pb_row _builder_version=&#8221;4.15.1&#8243; _module_preset=&#8221;default&#8221; hover_enabled=&#8221;0&#8243; global_colors_info=&#8221;{}&#8221; background_color=&#8221;#000000&#8243; sticky_enabled=&#8221;0&#8243;][et_pb_column type=&#8221;4_4&#8243; _builder_version=&#8221;4.15.1&#8243; _module_preset=&#8221;default&#8221; global_colors_info=&#8221;{}&#8221;][et_pb_slider show_image_video_mobile=&#8221;on&#8221; _builder_version=&#8221;4.15.1&#8243; _module_preset=&#8221;default&#8221; auto=&#8221;on&#8221; hover_enabled=&#8221;0&#8243; global_colors_info=&#8221;{}&#8221; sticky_enabled=&#8221;0&#8243;][et_pb_slide heading=&#8221;BURGER BAR&#8221; button_text=&#8221;MENU&#8221; button_link=&#8221;https:\/\/www.instagram.com\/kapapuna\/?hl=en&#8221; url_new_window=&#8221;on&#8221; image=&#8221;http:\/\/189.edukovac.xyz\/wp-content\/uploads\/2025\/12\/Untitled-design-1.png&#8221; use_bg_overlay=&#8221;on&#8221; use_text_overlay=&#8221;on&#8221; text_border_radius=&#8221;65px&#8221; _builder_version=&#8221;4.15.1&#8243; _module_preset=&#8221;default&#8221; header_font=&#8221;Abril Fatface|700|||||||&#8221; header_font_size=&#8221;47px&#8221; header_letter_spacing=&#8221;0px&#8221; body_font=&#8221;Actor||||||||&#8221; background_enable_color=&#8221;off&#8221; use_background_color_gradient=&#8221;on&#8221; background_color_gradient_start=&#8221;#000000&#8243; background_color_gradient_end=&#8221;#e02b20&#8243; background_color_gradient_direction=&#8221;175deg&#8221; background_color_gradient_start_position=&#8221;32%&#8221; background_image=&#8221;http:\/\/189.edukovac.xyz\/wp-content\/uploads\/2025\/12\/Untitled-design-2.png&#8221; background_enable_image=&#8221;on&#8221; background_pattern_horizontal_offset=&#8221;0%&#8221; background_pattern_vertical_offset=&#8221;0%&#8221; custom_button=&#8221;on&#8221; button_text_size=&#8221;25px&#8221; button_border_radius=&#8221;17px&#8221; button_letter_spacing=&#8221;3px&#8221; button_font=&#8221;Alef||||||||&#8221; button_use_icon=&#8221;on&#8221; button_icon=&#8221;&#x21;||divi||400&#8243; button_custom_margin=&#8221;4px|11px|30px|19px|false|false&#8221; button_custom_padding=&#8221;2px|15px|1px|18px|false|false&#8221; width=&#8221;85%&#8221; max_width=&#8221;80%&#8221; border_radii_image=&#8221;off|20px|20px|20px|20px&#8221; border_width_all_image=&#8221;4px&#8221; border_color_all_image=&#8221;#FFFFFF&#8221; box_shadow_style_image=&#8221;preset4&#8243; box_shadow_spread_image=&#8221;1px&#8221; box_shadow_color_image=&#8221;#474747&#8243; global_colors_info=&#8221;{}&#8221; sticky_transition=&#8221;on&#8221;]<p>So\u010dni burgeri od pa\u017eljivo biranog mesa, sve\u017ee pe\u010dene lepinje i doma\u0107i sosovi. Pa\u017eljivo birani sastojci, provereni recepti i dosledan kvalitet u svakom burgeru koji pripremamo.Mesto gde se standardi kvaliteta susre\u0107u sa autenti\u010dnim burger iskustvom.<\/p>[\/et_pb_slide][et_pb_slide _builder_version=&#8221;4.15.1&#8243; _module_preset=&#8221;default&#8221; hover_enabled=&#8221;0&#8243; global_colors_info=&#8221;{}&#8221; sticky_transition=&#8221;on&#8221; sticky_enabled=&#8221;0&#8243; title_text=&#8221;Untitled design (3)&#8221; background_image=&#8221;http:\/\/189.edukovac.xyz\/wp-content\/uploads\/2025\/12\/Untitled-design-3-1.png&#8221; background_enable_image=&#8221;on&#8221; header_font_size=&#8221;38px&#8221; header_letter_spacing=&#8221;15px&#8221; body_font_size=&#8221;19px&#8221; use_bg_overlay=&#8221;on&#8221; use_text_overlay=&#8221;on&#8221; dot_nav_custom_color=&#8221;RGBA(255,255,255,0)&#8221; arrows_custom_color=&#8221;#FFFFFF&#8221; border_radii_image=&#8221;on|10px|10px|10px|10px&#8221; text_orientation=&#8221;left&#8221; body_font=&#8221;Almarai|700|||||||&#8221; text_border_radius=&#8221;43px&#8221; custom_button=&#8221;on&#8221; button_text_size=&#8221;1px&#8221; width=&#8221;68%&#8221; max_width=&#8221;59%&#8221; custom_padding=&#8221;0px|6px|320px|75px|false|false&#8221; mix_blend_mode=&#8221;multiply&#8221; header_line_height=&#8221;5.8em&#8221; button_border_width=&#8221;0px&#8221; button_border_radius=&#8221;0px&#8221; button_on_hover=&#8221;off&#8221; button_custom_margin=&#8221;11px||11px|0px|false|false&#8221; button_custom_padding=&#8221;|13px|0px|35px|false|false&#8221; body_text_align=&#8221;left&#8221; button_letter_spacing=&#8221;0px&#8221;]<p>Dobrodo\u0161li na mesto gde se vrhunski sastojci pretvaraju u savr\u0161en burger.<br data-start=\"182\" data-end=\"185\" \/>Svaki zalogaj je pa\u017eljivo osmi\u0161ljen, od biranog mesa do ru\u010dno pripremljenih dodataka.<br data-start=\"270\" data-end=\"273\" \/>Ovo nije samo obrok \u2014 ovo je iskustvo koje se pamti.<\/p>[\/et_pb_slide][\/et_pb_slider][\/et_pb_column][\/et_pb_row][et_pb_row column_structure=&#8221;1_2,1_2&#8243; _builder_version=&#8221;4.15.1&#8243; _module_preset=&#8221;default&#8221; background_color=&#8221;#8F8F8F&#8221; background_enable_pattern_style=&#8221;on&#8221; background_pattern_style=&#8221;diagonal-stripes-2&#8243; global_colors_info=&#8221;{}&#8221;][et_pb_column type=&#8221;1_2&#8243; _builder_version=&#8221;4.15.1&#8243; _module_preset=&#8221;default&#8221; global_colors_info=&#8221;{}&#8221;][et_pb_image src=&#8221;http:\/\/189.edukovac.xyz\/wp-content\/uploads\/2025\/12\/BURGER-BAR-1.png&#8221; title_text=&#8221;BURGER BAR (1)&#8221; _builder_version=&#8221;4.15.1&#8243; _module_preset=&#8221;default&#8221; width=&#8221;50%&#8221; max_width=&#8221;41%&#8221; min_height=&#8221;129px&#8221; height=&#8221;188px&#8221; max_height=&#8221;1000px&#8221; border_radii=&#8221;on|26px|26px|26px|26px&#8221; global_colors_info=&#8221;{}&#8221;][\/et_pb_image][\/et_pb_column][et_pb_column type=&#8221;1_2&#8243; _builder_version=&#8221;4.15.1&#8243; _module_preset=&#8221;default&#8221; global_colors_info=&#8221;{}&#8221;][et_pb_text _builder_version=&#8221;4.15.1&#8243; _module_preset=&#8221;default&#8221; text_font=&#8221;|800|||||||&#8221; text_text_color=&#8221;#000000&#8243; text_font_size=&#8221;16px&#8221; text_line_height=&#8221;1.8em&#8221; header_text_color=&#8221;#000000&#8243; background_color=&#8221;#9E9E9E&#8221; background_enable_pattern_style=&#8221;on&#8221; background_pattern_style=&#8221;tufted&#8221; background_pattern_color=&#8221;RGBA(255,255,255,0)&#8221; border_radii=&#8221;on|5px|5px|5px|5px&#8221; box_shadow_style=&#8221;preset4&#8243; box_shadow_horizontal=&#8221;-10px&#8221; box_shadow_vertical=&#8221;-8px&#8221; box_shadow_blur=&#8221;7px&#8221; box_shadow_spread=&#8221;1px&#8221; global_colors_info=&#8221;{}&#8221;]<p>U BURGER BARU prvo pripremamo svje\u017ee sastojke: meso oblikujemo u pljeskavice, peciva lagano prepe\u010demo, a povr\u0107e nare\u017eemo i operemo. Zatim se burgeri brzo peku na jakoj vatri, sir se dodaje pred kraj, a pljeskavice sla\u017eemo s umacima i svje\u017eim dodacima izme\u0111u peciva. Na kraju poslu\u017eujemo toplo i so\u010dno, uz priloge poput pomfrita, paze\u0107i da je sve \u010disto i na sigurnoj temperaturi.<\/p>[\/et_pb_text][\/et_pb_column][\/et_pb_row][\/et_pb_section]\n","protected":false},"excerpt":{"rendered":"<p>So\u010dni burgeri od pa\u017eljivo biranog mesa, sve\u017ee pe\u010dene lepinje i doma\u0107i sosovi. Pa\u017eljivo birani sastojci, provereni recepti i dosledan kvalitet u svakom burgeru koji pripremamo.Mesto gde se standardi kvaliteta susre\u0107u sa autenti\u010dnim burger iskustvom.Dobrodo\u0161li na mesto gde se vrhunski sastojci pretvaraju u savr\u0161en burger.Svaki zalogaj je pa\u017eljivo osmi\u0161ljen, od biranog mesa do ru\u010dno pripremljenih dodataka.Ovo [&hellip;]<\/p>\n","protected":false},"author":1,"featured_media":0,"parent":0,"menu_order":0,"comment_status":"closed","ping_status":"closed","template":"","meta":{"_et_pb_use_builder":"on","_et_pb_old_content":"","_et_gb_content_width":"","footnotes":""},"class_list":["post-40","page","type-page","status-publish","hentry"],"yoast_head":"<!-- This site is optimized with the Yoast SEO plugin v26.6 - https:\/\/yoast.com\/wordpress\/plugins\/seo\/ -->\n<title>Naslovna - BURGER BAR<\/title>\n<meta name=\"robots\" content=\"index, follow, max-snippet:-1, max-image-preview:large, max-video-preview:-1\" \/>\n<link rel=\"canonical\" href=\"https:\/\/189.edukovac.xyz\/\" \/>\n<meta property=\"og:locale\" content=\"en_US\" \/>\n<meta property=\"og:type\" content=\"article\" \/>\n<meta property=\"og:title\" content=\"Naslovna - BURGER BAR\" \/>\n<meta property=\"og:description\" content=\"So\u010dni burgeri od pa\u017eljivo biranog mesa, sve\u017ee pe\u010dene lepinje i doma\u0107i sosovi. Pa\u017eljivo birani sastojci, provereni recepti i dosledan kvalitet u svakom burgeru koji pripremamo.Mesto gde se standardi kvaliteta susre\u0107u sa autenti\u010dnim burger iskustvom.Dobrodo\u0161li na mesto gde se vrhunski sastojci pretvaraju u savr\u0161en burger.Svaki zalogaj je pa\u017eljivo osmi\u0161ljen, od biranog mesa do ru\u010dno pripremljenih dodataka.Ovo [&hellip;]\" \/>\n<meta property=\"og:url\" content=\"https:\/\/189.edukovac.xyz\/\" \/>\n<meta property=\"og:site_name\" content=\"BURGER BAR\" \/>\n<meta property=\"article:modified_time\" content=\"2025-12-23T09:26:28+00:00\" \/>\n<meta name=\"twitter:card\" content=\"summary_large_image\" \/>\n<meta name=\"twitter:label1\" content=\"Est. reading time\" \/>\n\t<meta name=\"twitter:data1\" content=\"4 minutes\" \/>\n<script type=\"application\/ld+json\" class=\"yoast-schema-graph\">{\"@context\":\"https:\/\/schema.org\",\"@graph\":[{\"@type\":\"WebPage\",\"@id\":\"https:\/\/189.edukovac.xyz\/\",\"url\":\"https:\/\/189.edukovac.xyz\/\",\"name\":\"Naslovna - BURGER BAR\",\"isPartOf\":{\"@id\":\"http:\/\/189.edukovac.xyz\/#website\"},\"datePublished\":\"2025-12-20T09:54:13+00:00\",\"dateModified\":\"2025-12-23T09:26:28+00:00\",\"breadcrumb\":{\"@id\":\"https:\/\/189.edukovac.xyz\/#breadcrumb\"},\"inLanguage\":\"en-US\",\"potentialAction\":[{\"@type\":\"ReadAction\",\"target\":[\"https:\/\/189.edukovac.xyz\/\"]}]},{\"@type\":\"BreadcrumbList\",\"@id\":\"https:\/\/189.edukovac.xyz\/#breadcrumb\",\"itemListElement\":[{\"@type\":\"ListItem\",\"position\":1,\"name\":\"Home\",\"item\":\"https:\/\/189.edukovac.xyz\/\"},{\"@type\":\"ListItem\",\"position\":2,\"name\":\"Naslovna\"}]},{\"@type\":\"WebSite\",\"@id\":\"http:\/\/189.edukovac.xyz\/#website\",\"url\":\"http:\/\/189.edukovac.xyz\/\",\"name\":\"BURGER BAR\",\"description\":\"Najbolji Burgeri u Srbiji\",\"potentialAction\":[{\"@type\":\"SearchAction\",\"target\":{\"@type\":\"EntryPoint\",\"urlTemplate\":\"http:\/\/189.edukovac.xyz\/?s={search_term_string}\"},\"query-input\":{\"@type\":\"PropertyValueSpecification\",\"valueRequired\":true,\"valueName\":\"search_term_string\"}}],\"inLanguage\":\"en-US\"}]}<\/script>\n<!-- \/ Yoast SEO plugin. -->","yoast_head_json":{"title":"Naslovna - BURGER BAR","robots":{"index":"index","follow":"follow","max-snippet":"max-snippet:-1","max-image-preview":"max-image-preview:large","max-video-preview":"max-video-preview:-1"},"canonical":"https:\/\/189.edukovac.xyz\/","og_locale":"en_US","og_type":"article","og_title":"Naslovna - BURGER BAR","og_description":"So\u010dni burgeri od pa\u017eljivo biranog mesa, sve\u017ee pe\u010dene lepinje i doma\u0107i sosovi. Pa\u017eljivo birani sastojci, provereni recepti i dosledan kvalitet u svakom burgeru koji pripremamo.Mesto gde se standardi kvaliteta susre\u0107u sa autenti\u010dnim burger iskustvom.Dobrodo\u0161li na mesto gde se vrhunski sastojci pretvaraju u savr\u0161en burger.Svaki zalogaj je pa\u017eljivo osmi\u0161ljen, od biranog mesa do ru\u010dno pripremljenih dodataka.Ovo [&hellip;]","og_url":"https:\/\/189.edukovac.xyz\/","og_site_name":"BURGER BAR","article_modified_time":"2025-12-23T09:26:28+00:00","twitter_card":"summary_large_image","twitter_misc":{"Est. reading time":"4 minutes"},"schema":{"@context":"https:\/\/schema.org","@graph":[{"@type":"WebPage","@id":"https:\/\/189.edukovac.xyz\/","url":"https:\/\/189.edukovac.xyz\/","name":"Naslovna - BURGER BAR","isPartOf":{"@id":"http:\/\/189.edukovac.xyz\/#website"},"datePublished":"2025-12-20T09:54:13+00:00","dateModified":"2025-12-23T09:26:28+00:00","breadcrumb":{"@id":"https:\/\/189.edukovac.xyz\/#breadcrumb"},"inLanguage":"en-US","potentialAction":[{"@type":"ReadAction","target":["https:\/\/189.edukovac.xyz\/"]}]},{"@type":"BreadcrumbList","@id":"https:\/\/189.edukovac.xyz\/#breadcrumb","itemListElement":[{"@type":"ListItem","position":1,"name":"Home","item":"https:\/\/189.edukovac.xyz\/"},{"@type":"ListItem","position":2,"name":"Naslovna"}]},{"@type":"WebSite","@id":"http:\/\/189.edukovac.xyz\/#website","url":"http:\/\/189.edukovac.xyz\/","name":"BURGER BAR","description":"Najbolji Burgeri u Srbiji","potentialAction":[{"@type":"SearchAction","target":{"@type":"EntryPoint","urlTemplate":"http:\/\/189.edukovac.xyz\/?s={search_term_string}"},"query-input":{"@type":"PropertyValueSpecification","valueRequired":true,"valueName":"search_term_string"}}],"inLanguage":"en-US"}]}},"_links":{"self":[{"href":"https:\/\/189.edukovac.xyz\/index.php\/wp-json\/wp\/v2\/pages\/40","targetHints":{"allow":["GET"]}}],"collection":[{"href":"https:\/\/189.edukovac.xyz\/index.php\/wp-json\/wp\/v2\/pages"}],"about":[{"href":"https:\/\/189.edukovac.xyz\/index.php\/wp-json\/wp\/v2\/types\/page"}],"author":[{"embeddable":true,"href":"https:\/\/189.edukovac.xyz\/index.php\/wp-json\/wp\/v2\/users\/1"}],"replies":[{"embeddable":true,"href":"https:\/\/189.edukovac.xyz\/index.php\/wp-json\/wp\/v2\/comments?post=40"}],"version-history":[{"count":6,"href":"https:\/\/189.edukovac.xyz\/index.php\/wp-json\/wp\/v2\/pages\/40\/revisions"}],"predecessor-version":[{"id":70,"href":"https:\/\/189.edukovac.xyz\/index.php\/wp-json\/wp\/v2\/pages\/40\/revisions\/70"}],"wp:attachment":[{"href":"https:\/\/189.edukovac.xyz\/index.php\/wp-json\/wp\/v2\/media?parent=40"}],"curies":[{"name":"wp","href":"https:\/\/api.w.org\/{rel}","templated":true}]}}